2, 7
Let w(o) = -o**2 + 8*o - 3. Let v(a) = a**2 - 1. Let x be v(3). Suppose -x + 26 = 3*d. What are the prime factors of w(d)?
3
Let a = 2 - 0. Let z = 0 - -2. Suppose -8 = -a*b - z. What are the prime factors of b?
3
Suppose 2*s = -0*s + 270. Suppose s = 2*d + d. List the prime factors of d.
3, 5
Let r be (5 - 6)*(-3 - -1). Suppose 9 - 49 = -r*x. Suppose -4*c - 44 = -5*u + x, -3*u - 4*c = -32. What are the prime factors of u?
2, 3
Let z be 2/(-7) + (-1208)/(-14). Suppose 6*w + 4*f = w + 54, 0 = 5*w - 4*f - z. What are the prime factors of w?
2, 7
Let k(x) = -x**2 - 7*x - 9. Let y be k(-6). Let n = 9 - 5. What are the prime factors of 20*1*(n + y)?
2, 5
Let d(i) be the third derivative of -i**5/60 + 5*i**4/24 - i**3/6 - 2*i**2. What are the prime factors of d(4)?
3
Let c = -3 - -6. Suppose -4*o + 51 = -5*j, -c*o - 3*j + 21 = -j. List the prime factors of o.
3
Suppose 3*o - 3 = 6. Suppose 66 = 4*i - o*s + 5*s, 0 = -5*i + 4*s + 50. What are the prime factors of i?
2, 7
Let g(j) = 5 + 1 - 3 + 2*j**2 - 8*j. Suppose 0 = 4*l + 2*m - m - 24, m = 3*l - 11. What are the prime factors of g(l)?
13
Let u = -6 - -2. Let o = 7 + u. What are the prime factors of o?
3
Let g(v) = 28*v**2 + v + 1. Let q be g(2). Let y = q + -70. What are the prime factors of y/(-2)*(-20)/25?
2, 3
Let t(l) = l**2 - 3*l + 3. Let w be t(6). Suppose w = 5*z - 19. List the prime factors of z.
2
Let s(z) = -z**3 + 10*z**2 - 8*z - 5. What are the prime factors of s(8)?
59
List the prime factors of -10 - (4 + -10) - 73*-1.
3, 23
Let m(i) = -11*i - 4*i - 3*i - 1. Let y be m(-1). Suppose -k + 5 = w, 3*w + 3 = -4*k + y. List the prime factors of w.
2, 3
Suppose -2*t = -3 - 1. Suppose 0 = 3*l - 2*x - 40, 4*l = -t*x - 8 + 52. List the prime factors of l.
2, 3
Let b = 10 + -7. Suppose 2*n = -b*n + 115. What are the prime factors of n?
23
What are the prime factors of 283/4 + (-19)/(-76)?
71
Suppose 5*g - 360 - 45 = 0. List the prime factors of g.
3
Let q = 4 + 54. Suppose q + 62 = 4*v. What are the prime factors of v?
2, 3, 5
Let n(g) = 14*g**2 - g - 1. List the prime factors of n(2).
53
Suppose 9*o = 5*o + 8. Suppose m - o*c = 15, -m + 3*c = -2*m + 35. What are the prime factors of m?
23
Suppose 0 = 3*z - 2*l - 388, 0*z + 152 = z + 5*l. List the prime factors of z.
2, 3, 11
Suppose -o = -3*n + 1015, -2*n - 3*n + 4*o + 1687 = 0. What are the prime factors of n?
3, 113
Let y be 10/(3/3 - 0). Suppose 2 = -4*r + y. Suppose -5*g = 3*f - 55 - 15, 0 = -r*g + 2*f + 28. What are the prime factors of g?
2, 7
Let b(h) = h**2 + h + 24. Let x be b(0). Suppose -k = -1, -2*y + k + x = 5*k. List the prime factors of y.
2, 5
Let n(o) = o - 4. Let l be n(6). Suppose -l*y - 9 = -3*y. Suppose 3*k - 3 = 2*r, 0 = -2*k + 5*r - 0*r - y. List the prime factors of k.
3
Let i be -10 - (2 - 1/1). Let j(v) = -4*v + 6. Let g(d) = d - 2. Let w(c) = 7*g(c) + 2*j(c). List the prime factors of w(i).
3
Let h = 2 + 2. Suppose -2*t + h*b = -25 - 43, 4*b + 176 = 5*t. List the prime factors of t.
2, 3
What are the prime factors of 63 + -3 + 2 + 0?
2, 31
Suppose -61*x + 64*x = 927. What are the prime factors of x?
3, 103
Let j(r) = -r - 4. Let v be j(0). List the prime factors of (1 + -3 - v)*10.
2, 5
What are the prime factors of ((32/(-20))/(-4))/(2/1270)?
2, 127
Let t be (-36)/(-10)*(6 - 1). Let f = t + -11. What are the prime factors of f?
7
Let r(n) = 1 + 2 + n - 4. What are the prime factors of r(6)?
5
Suppose -17*f + 21*f - 176 = 0. What are the prime factors of f?
2, 11
Suppose 32 = w + 2*z, -z + 4 = -3*z. What are the prime factors of w?
2, 3
Let n = 46 + 15. What are the prime factors of n?
61
Suppose 8*p - 46 + 6 = 0. What are the prime factors of p?
5
Suppose 20 = 4*r - 2*b, -5*b + 10*b = -5*r + 25. Suppose -4*i = -r*i + 31. What are the prime factors of i?
31
Let h be ((-12)/15)/((-4)/10). Let q be 22/(-18) - h/(-9). Let c(i) = i**2 - i. List the prime factors of c(q).
2
Let j = 4 + -2. Let w be (-2)/(j*(-3)/15). Suppose 0 = -4*q - w*f + 34, -10 = 2*q - 3*f - 38. What are the prime factors of q?
11
What are the prime factors of 65 - 0 - (-3 - -6)?
2, 31
Suppose 0 = 4*i - 16, i + 152 = 5*l - 34. List the prime factors of l.
2, 19
Suppose 0 = -3*n + 179 + 508. What are the prime factors of n?
229
Let c(r) = r**3 - 12*r**2 - 6*r + 9. What are the prime factors of c(13)?
2, 5
Let j be (8/10)/(2/15). Let p = 19 + -7. Let r = p - j. List the prime factors of r.
2, 3
Let h(w) = w + 3. Let r be h(-3). Suppose -6 = -2*g - r. Suppose g*l + a - 15 = 0, 4*a - 25 = -5*l + a. List the prime factors of l.
5
Suppose -3 + 13 = 5*x. Suppose -1 = -x*d + 93. List the prime factors of d.
47
Let w(b) = -2*b - 7. Let x(n) = -n**3 + 8*n**2 - 8*n + 2. Let g be x(7). Let t be w(g). List the prime factors of 0 - (-33)/t - 0.
11
Let j(w) = -w**3 - 11*w**2 + 11*w + 6. Suppose y + 4 = -8. What are the prime factors of j(y)?
2, 3
Suppose -4*v - 2*i = 34, -3*v - 12 = 3*i + 12. Let t = 17 + v. What are the prime factors of t?
2
Let g be 3/(-3)*1 + 7. Let r(p) = -p**2 + 7*p. List the prime factors of r(g).
2, 3
Let u = -7 + 29. List the prime factors of u/((-5 - -2) + 4).
2, 11
Let n = -10 - -46. List the prime factors of n.
2, 3
Suppose -2*v = -v. Suppose -5*h - 11 + 1 = v, -2*b + 3*h + 48 = 0. What are the prime factors of b?
3, 7
Let f(i) = i**3 + i**2 - 2*i + 177. List the prime factors of f(0).
3, 59
Let d = -12 + 18. What are the prime factors of (1 - d)*(0 - 1)?
5
Suppose -c + 19 + 31 = 0. List the prime factors of c.
2, 5
Let c(s) = s. Let b(o) = -5*o + 2. Let m(q) = -b(q) - 2*c(q). What are the prime factors of m(7)?
19
Let s(h) be the second derivative of -h**5/20 - h**4/6 + h**3/6 - h. Let u be s(1). Let q(y) = y**2 + 2*y + 2. What are the prime factors of q(u)?
2
Suppose l - 5 = 0, -l = -n - 0*l + 4. Suppose 0 = -t + 5 + n. What are the prime factors of t?
2, 7
Suppose 4*u = -2*z + 206, -5*z = -4*z - u - 109. List the prime factors of z.
107
Let b be (-6 - -2)/((-4)/6). Let r = -3 + b. Suppose -5 = -i + r. List the prime factors of i.
2
Suppose -k - 2*f + 114 = 0, 2*f = 2*k - f - 193. List the prime factors of k.
2, 13
Let f be ((-1)/(-1) - 1)*-1. Let u(q) = q**3 - q**2 - q + 10. List the prime factors of u(f).
2, 5
Let f(w) = 2*w**2 + 3*w - 1. Let m(t) = 3*t + 2. Let x be m(-2). What are the prime factors of f(x)?
19
Let h be 0 + 2 - (-1 - 2). Suppose -54 = -7*i + h*i. What are the prime factors of i?
3
Let c be (0 - 2)/(-1) - -2. Suppose -c*x + 0*x + 20 = 0. List the prime factors of x.
5
Let o = 20 - 15. Suppose o*n - 5*b = 225, -6*n + b = -n - 205. What are the prime factors of n?
2, 5
Let l(c) be the first derivative of c**4/4 + c**3 - c**2/2 + 4*c + 1. Let j be l(-4). List the prime factors of -1*(j - 1)/1.
3
Suppose 4*t - 2*b - 224 = 0, 2*b + 45 = t + 7*b. What are the prime factors of t?
5, 11
Let p = -14 - -16. What are the prime factors of ((-4)/p)/((-4)/92)?
2, 23
Suppose 3 = -n + 2. List the prime factors of 19 + 1*(n + 2).
2, 5
What are the prime factors of (-2*1)/((-7)/105) - -3?
3, 11
Let d(a) = a**3 - 5*a**2 + 3*a + 7. Let l be d(4). Suppose -14 = j - l*j. List the prime factors of j.
7
Suppose 374 = 5*x - 4*s, -2*x = -x - 2*s - 70. Let c = -38 + x. List the prime factors of c.
2, 5
Suppose 2*f + 3*p = 12, 5 = -5*f + 2*p + 35. Suppose -c + f = -7. What are the prime factors of c?
13
Suppose -9 = -2*u - u, -3 = -4*i - u. Suppose 5*s - 3*g = 39, 3*s = 3*g - 2 + 29. Suppose 2*l - 14 = -2*k, 3*l + k - s*k + 11 = i. List the prime factors of l.
3
What are the prime factors of ((-4)/5)/((-2)/45)?
2, 3
What are the prime factors of ((-44)/10)/(8/(-40))?
2, 11
Let z(a) be the second derivative of a**5/20 + a**4/3 - a**3 - 3*a**2/2 + 4*a. What are the prime factors of z(-4)?
3, 7
Let o(t) be the second derivative of -9*t**5/10 - t**3/6 - t**2/2 - 4*t. What are the prime factors of o(-1)?
2, 3
What are the prime factors of 2718/(-12)*(-10)/15?
151
Let h(f) = -3*f + 2*f - 3 + 3*f. Let y be h(4). Suppose -3*z + 42 = -y*r, -5*z = -r - 4*r - 60. What are the prime factors of z?
3
Let d = -1 + 4. Suppose 92 = -q + 5*q - d*t, 72 = 4*q + 2*t. What are the prime factors of q?
2, 5
Let h be 1*-4 + (-10)/5. Let s(i) = 5*i**3 + i**2 - 4*i + 5*i**2 - 4*i**3. What are the prime factors of s(h)?
2, 3
Suppose 3*k - 4*v = -k + 152, -116 = -3*